{"id":4803,"date":"2024-02-08T02:15:15","date_gmt":"2024-02-08T02:15:15","guid":{"rendered":"https:\/\/fietsenwinkeldenhaag.nl\/?post_type=product&#038;p=4803"},"modified":"2025-09-02T18:59:20","modified_gmt":"2025-09-02T18:59:20","slug":"black-iron-horse-polly-6-elektrische-cargo-bakfiets","status":"publish","type":"product","link":"https:\/\/fietsenwinkeldenhaag.nl\/?product=black-iron-horse-polly-6-elektrische-cargo-bakfiets","title":{"rendered":"Black Iron Horse POLLY 6 Elektrische Cargo bakfiets"},"content":{"rendered":"<h2>Black Iron Horse POLLY 6 Elektrische Cargo bakfiets<\/h2>\n<p>The <strong>Black Iron Horse POLLY 6 Elektrische Cargo bakfiets<\/strong> biedt plaats aan maximaal 6 kinderen. Ja, 6!!! Dit is de perfecte fiets voor grote groepen zoals kinderdagverblijven en scholen, waar het veiligste en meest effici\u00ebnte is om jonge kinderen samen in \u00e9\u00e9n fiets te houden. We gebruiken sterke Y-gordels voor elke stoel en bieden bankkussens en een toegangsdeur, zodat iedereen in de cargobox veilig en comfortabel is.<\/p>\n<p>Leuk weetje: De POLLY heeft dezelfde breedte als de PONY, dus je zult geen problemen hebben om door deuropeningen te passen of fietspaden te navigeren.<\/p>\n<p>De <strong>Black Iron Horse POLLY 6 Elektrische Cargo bakfiets<\/strong> is veilig, duurzaam en onderhoudsarm; we ontwerpen, produceren en monteren het rechtstreeks in Denemarken, zodat je weet dat het gebouwd is volgens de hoogste normen.<\/p>\n<p>We gebruiken het Shimano STEPS e-systeem, dat we beschouwen als het beste op de markt. Alle verlichting en andere elektronica zijn inbegrepen wanneer je kiest voor een <strong>BLACK IRON HORSE cargofiets<\/strong>, dus je bent klaar om vanaf dag \u00e9\u00e9n te rijden!<\/p>\n<p><strong>Duurzaamheid &amp; Lokale Productie<\/strong><\/p>\n<p>We gebruiken gerecycled plastic om de cargobox voor de <strong>Black Iron Horse POLLY 6 Elektrische Cargo bakfiets<\/strong> te maken. Dit proces maakt elke cargobox uniek, zodat je een unieke fiets hebt en tegelijkertijd het milieu helpt. Bovendien is de <strong>Black Iron Horse POLLY 6 <\/strong>Cargobox licht en duurzaam, zodat je met een gerust hart weet dat jij en je lading veilig zijn zonder manoeuvreerbaarheid op te offeren.<\/p>\n<p>We produceren onze frames in Europa en cargoboxen hier in Denemarken, zelfs met gebruik van Deens gerecycled plastic en staal uit Noord-Europa. De overige onderdelen worden zo lokaal mogelijk verkregen, inclusief kapproductie en componenten uit respectievelijk Midden- en West-Europa. Elke <strong>BLACK IRON HORSE<\/strong> cargofiets wordt ontworpen, geassembleerd en getest in Denemarken.<\/p>\n<p><strong>Innovatie, Ontwerp &amp; Veiligheid<\/strong><\/p>\n<p>We hebben 25 jaar ervaring in het ontwerpen van cargofietsen gecombineerd met de nieuwste e-bike technologie om de soepelste, meest stabiele rit mogelijk te maken. Alle aspecten van de achterwielbesturing zijn geoptimaliseerd op basis van feedback van klanten, wat resulteert in onge\u00ebvenaarde manoeuvreerbaarheid voor stadsritten.<\/p>\n<p>Als je kiest voor <strong>BLACK IRON HORSE<\/strong>, weet je dat er geen concessies zijn gedaan. We zijn er trots op dat we het hoogwaardigste product mogelijk cre\u00ebren, zodat je met een gerust hart kunt weten dat jouw <strong>Black Iron Horse POLLY 6 Elektrische Cargo bakfiets<\/strong> veilig is.<\/p>\n<h3>Black Iron Horse POLLY 6 elektrische bakfiets Specificaties:<\/h3>\n<p><strong>ACCESSOIRES (INCLUSIEF):<\/strong><br \/>\n&#8211; 5 interne versnellingen<br \/>\n&#8211; Shimano motor<br \/>\n&#8211; Shimano batterij (418 Wh, 11,6 Ah) met slot<br \/>\n&#8211; Dubbele zitting, vervaardigd van gerecycled plastic en uitgerust met driepuntsgordels<br \/>\n&#8211; Ge\u00efntegreerde verlichting, gekoppeld aan het Shimano-systeem<br \/>\n&#8211; Slot, spatborden en bel<br \/>\n&#8211; Dubbelwandige velgen<br \/>\n&#8211; Lekbestendige banden van Schwalbe<br \/>\n&#8211; Hydraulische schijfremmen en parkeerrem<\/p>\n<h5><strong>KENMERKEN:<\/strong><\/h5>\n<p>&#8211; Draait op het achterwiel<br \/>\n&#8211; Cargo box gemaakt van aluminium<br \/>\n&#8211; Gemakkelijke toegang tot de cargo box<br \/>\n&#8211; Verstelbaar zadel<br \/>\n&#8211; Hydraulische fietsstabilisator<br \/>\n&#8211; Knopbediende voor- en achter -verlichting<br \/>\n&#8211; Deksel en sloten op aanvraag<\/p>\n<p><strong>BLACK IRON HORSE POLLY 6 TECHNISCHE SPECIFICATIES:<\/strong><strong><br \/>\n<\/strong><\/p>\n<p><strong>Technische specificaties:<\/strong><\/p>\n<p><strong>KLEUR<\/strong><br \/>\nDe fietsen worden vervaardigd in grafietzwart met een aluminiumkleurige box. Kleur op de box is mogelijk op aanvraag.<\/p>\n<p><strong>REM<\/strong><br \/>\nVoorwiel: Hydraulische Shimano\/Tektro schijfrem met parkeerrem<br \/>\nAchterwiel: Hydraulische Shimano\/Tektro schijfrem<\/p>\n<p>Alle fietsen zijn standaard uitgerust met hydraulische schijfremmen<\/p>\n<p><strong>WIELEN<\/strong><br \/>\n20&#8221; wielen met dubbelwandige velgen voorzien van lekbestendige Schwalbe-banden<\/p>\n<p><strong>BOX<\/strong><br \/>\nGerecycled plastic.<br \/>\n<strong>Standaardafmetingen:<\/strong> LxBxH: 230 x 865 x 113 mm<\/p>\n<p><strong>Volume:<\/strong> 408L<\/p>\n<p><strong>GEWICHT<\/strong><br \/>\nVanaf 47 kg<\/p>\n<p><strong>AFMETINGEN<\/strong><br \/>\n<strong>Breedte:<\/strong> 86,5 cm<br \/>\n<strong>Lengte:<\/strong> 218 cm<\/p>\n<p><strong>CAPACITEIT<\/strong><br \/>\n<strong>Box:<\/strong> 120 kg<\/p>\n<p><strong>Bank:<\/strong> 110 kg<\/p>\n<p><strong>Bestuurder:<\/strong> 110 kg<\/p>\n<p>408 liter in de box<\/p>\n<p><strong>FRAME EN VORK<\/strong><br \/>\nGemaakt van precisie\u200b \u200bstaal bedekt met een stootvaste poedercoating<\/p>\n<p><strong>VERLICHTING<\/strong><br \/>\nVoorlichten: Axa Compactline 20 E-bike<br \/>\nAchterlichten: Busch &amp; Muller \u03bc E<\/p>\n<p><strong>SCHAKELSYSTEEM<\/strong><\/p>\n<p><strong>Keuze uit:<\/strong> Elektronische versnellingen: Shimano Steps DI2 SW-E6010<strong> of<\/strong> Shimano N5 Cargo Naaf-versnellingen, 5 snelheden<\/p>\n<p><strong>ELEKTRISCH SYSTEEM<\/strong><br \/>\nMotor: Shimano Steps E6100 (60 NM \/ 250 W)<br \/>\nDisplay: Shimano Steps SC-E6100<br \/>\nAccu: Shimano Steps 418Wh (36V, 11.6Ah)<\/p>\n<p><strong>\u00a0<\/strong><\/p>\n","protected":false},"excerpt":{"rendered":"<blockquote><p>&nbsp;<\/p><\/blockquote>\n","protected":false},"featured_media":4799,"comment_status":"closed","ping_status":"closed","template":"","meta":[],"product_brand":[],"product_cat":[375],"product_tag":[],"class_list":{"0":"post-4803","1":"product","2":"type-product","3":"status-publish","4":"has-post-thumbnail","6":"product_cat-bakfietsen","7":"pa_fietsmerk-black-iron-horse","8":"tm-no-options","10":"first","11":"instock","12":"taxable","13":"shipping-taxable","14":"purchasable","15":"product-type-simple"},"_links":{"self":[{"href":"https:\/\/fietsenwinkeldenhaag.nl\/index.php?rest_route=\/wp\/v2\/product\/4803","targetHints":{"allow":["GET"]}}],"collection":[{"href":"https:\/\/fietsenwinkeldenhaag.nl\/index.php?rest_route=\/wp\/v2\/product"}],"about":[{"href":"https:\/\/fietsenwinkeldenhaag.nl\/index.php?rest_route=\/wp\/v2\/types\/product"}],"replies":[{"embeddable":true,"href":"https:\/\/fietsenwinkeldenhaag.nl\/index.php?rest_route=%2Fwp%2Fv2%2Fcomments&post=4803"}],"wp:featuredmedia":[{"embeddable":true,"href":"https:\/\/fietsenwinkeldenhaag.nl\/index.php?rest_route=\/wp\/v2\/media\/4799"}],"wp:attachment":[{"href":"https:\/\/fietsenwinkeldenhaag.nl\/index.php?rest_route=%2Fwp%2Fv2%2Fmedia&parent=4803"}],"wp:term":[{"taxonomy":"product_brand","embeddable":true,"href":"https:\/\/fietsenwinkeldenhaag.nl\/index.php?rest_route=%2Fwp%2Fv2%2Fproduct_brand&post=4803"},{"taxonomy":"product_cat","embeddable":true,"href":"https:\/\/fietsenwinkeldenhaag.nl\/index.php?rest_route=%2Fwp%2Fv2%2Fproduct_cat&post=4803"},{"taxonomy":"product_tag","embeddable":true,"href":"https:\/\/fietsenwinkeldenhaag.nl\/index.php?rest_route=%2Fwp%2Fv2%2Fproduct_tag&post=4803"}],"curies":[{"name":"wp","href":"https:\/\/api.w.org\/{rel}","templated":true}]}}